 = 196 + -189. Suppose -19 + 47 = y*n. Calculate the highest common divisor of n and j.
4
Suppose j = -2*j + 240. Let i(g) = -g**2 + 2*g - 10. Let z be i(4). Let b = z + 138. What is the greatest common factor of j and b?
40
Suppose -51 = -2*i + 11*x, -5*i - 9*x + 341 = -6*x. Let k(t) = -10*t - 14. Let l be k(-19). Calculate the highest common factor of l and i.
16
Let l(a) = 3*a**3 - 6*a**2 + 5*a + 4. Let k be l(4). Suppose k = 3*m + m. Suppose -1862*p = -1801*p - 915. Calculate the greatest common factor of m and p.
15
Suppose 11*u = 6304 + 28544. What is the greatest common factor of 432 and u?
144
Let r = -677 - -671. Let y(s) = -2*s - 3. Let n be y(-2). Let a be (-65)/(-2) - n - 9/r. Calculate the highest common divisor of a and 264.
33
Suppose -3*q + 76*p - 75*p = -4621, 5*p + 5 = 0. Calculate the highest common factor of 560 and q.
140
Let w(s) = 35*s + 1001. Let c be w(-28). Let i = -10 + 15. Let p(n) = n + 2. Let d be p(i). What is the highest common divisor of d and c?
7
Let m = -56 + 78. Let l = -28 + 84. Suppose -8 = 52*p - l*p. Calculate the highest common divisor of m and p.
2
Suppose 5786 = 26*t + 2120. Suppose -3*z - 3*m - 200 = -5*z, 3*z + 3*m - 270 = 0. What is the highest common factor of t and z?
47
Suppose -3*p + 6 = -54. Suppose o - 2*k - 8 = -5*k, -5*k + p = 3*o. Calculate the highest common factor of o and 355.
5
Let w = -284 - -290. Suppose -w*i = 2*r - 2*i, -4*i = r + 2. What is the highest common divisor of 4 and r?
2
Let g = 375 - 255. Suppose -18*c + 21*c = g. Calculate the highest common factor of 40 and c.
40
Let r(o) = 19 - 52 + 78 + 99 + 7*o + 8. Let p be r(-20). Let k be -3 + 40 - (0 - -1). Calculate the highest common divisor of k and p.
12
Suppose -1300 = 6*s + 7*s. Let a = s - -112. Let r = -472 + 676. What is the greatest common divisor of r and a?
12
Suppose 104*t = 99*t + 70. Suppose 1404 = 13*o + t*o. What is the highest common divisor of o and 4?
4
Suppose 0 = -22*v + 12*v - 6300. Let r = v + 641. Calculate the greatest common divisor of r and 33.
11
Suppose 6457 + 16083 = 8*z + 6*z. Calculate the highest common divisor of 280 and z.
70
Let y be 1/(-2)*2 - -4. Let c(r) be the first derivative of -r**4/4 - 26*r**3/3 + 15*r + 35. Let x be c(-26). Calculate the greatest common factor of y and x.
3
Let h = -67 - -193. Suppose -31*w = -308 - h. What is the greatest common factor of 18 and w?
2
Suppose -1166*s + 1161*s = -30. What is the greatest common factor of s and 2?
2
Suppose d + 13*z = 17*z + 984, 5*d = 2*z + 5046. What is the highest common divisor of 528 and d?
44
Suppose 0 = -12*k + 2343 + 465. Suppose k = -10*q + 13*q. Calculate the highest common divisor of q and 507.
39
Let g be (-14)/(-35) - (-3576)/60. Let j be (-70)/(-4)*(-84)/(-49). What is the greatest common divisor of g and j?
30
Let g = 40834 - 40706. Suppose -4*k = -2*p + 70, -2*p - 19 = 2*k + 13. Let v = 33 + k. Calculate the highest common divisor of g and v.
16
Let d(y) = -139*y - 119. Let k be d(-6). Let b = -7 - -16. Suppose 2*p = -b*p + k. Calculate the greatest common divisor of 13 and p.
13
Suppose -24423 = 51*s - 58*s. What is the highest common divisor of 3 and s?
3
Suppose 521 = p + l, -21*p + 22*p + 3*l - 523 = 0. What is the highest common divisor of 2808 and p?
104
Let w(x) = -54*x**2 + 381*x - 11. Let l be w(7). What is the highest common divisor of l and 39030?
10
Let l(m) = -13*m + 4. Let j be l(8). Let c = j - -141. Let y = -36 + c. What is the greatest common divisor of y and 15?
5
Let g = 93 + -49. Let t = 44 - g. Suppose u - 5*u + 160 = t. What is the highest common divisor of 8 and u?
8
Suppose 0*a - l = -2*a + 3084, -l = -5*a + 7701. Calculate the highest common factor of a and 57.
57
Suppose -3*l + 262 = 5*a, -3*a + 7*a - 180 = 5*l. Suppose g + 14 + 16 = 0. Let y = a + g. Calculate the highest common divisor of y and 180.
20
Let b(c) = 50*c + 84. Let q be b(1). Calculate the highest common factor of q and 3015.
67
Suppose -s = 8*x - 6*x - 756, -4*s + 5*x = -3050. Calculate the greatest common factor of 16 and s.
8
Suppose 4*y - 5*x - 3124 = 0, -5*y - 15*x + 3860 = -10*x. What is the highest common factor of 97 and y?
97
Let o(t) = -t. Let u be o(0). Suppose u = 8*r - 3*r - 90. Suppose 35*z + 2584 = -42*z + 126*z - 62. What is the highest common divisor of r and z?
18
Let v = 3939 - 3861. Calculate the highest common divisor of 6 and v.
6
Let n be (2 + 10/(-4))*0/(-2). Let s(a) = -13*a - 12*a + 3*a + n + 4. Let l be s(-1). Calculate the greatest common divisor of 117 and l.
13
Suppose d - 3*d = 4*y - 98, -4*y = -d + 73. Suppose w - d = -q, -q + 2*w + 66 = 6*w. Let a = q + -2. What is the highest common divisor of a and 13?
13
Let p(r) = r**3 + 9*r**2 - 33*r - 12. Let y be p(-13). Let l = y - -406. Let g = l - 128. What is the greatest common divisor of 19 and g?
19
Let k be 5 + 8/(48/29718) - 4/2. What is the greatest common factor of 14 and k?
14
Let c = 63 + -3. Let s be (c/8)/(-3)*-12. What is the highest common divisor of s and 390?
30
Let s = -17172 - -17748. Calculate the greatest common factor of 14832 and s.
144
Suppose 5*c - 385 = -5*r, 13*r - 9*r = c + 293. Calculate the greatest common divisor of r and 18.
2
Suppose 27*z - 32 = 11*z. Calculate the greatest common divisor of 166 and z.
2
Let x be 389/15 + 142/2130. Calculate the highest common factor of 117 and x.
13
Suppose -771*m = -768*m - 99. What is the greatest common divisor of m and 87?
3
Let u = 5649 - 3449. Calculate the greatest common divisor of 176 and u.
88
Suppose 5*r + 0*k = 4*k + 642, 0 = -3*r - 5*k + 400. Let l be r*(-3 + 5 + 2). Calculate the greatest common divisor of 40 and l.
40
Let h be (-5)/4 + 31/(-4) - (1 + -338). Let g = -30 + 153. Calculate the highest common divisor of h and g.
41
Let v = -16498 - -22965. What is the greatest common factor of 29 and v?
29
Suppose 4*b = 5*p + 692, -7*b + 2*b - 4*p + 824 = 0. What is the highest common factor of b and 228?
12
Let p be 22*(-3)/(-8)*20. Let q(z) = -2*z**2 - 88*z + 1953. Let f be q(16). What is the highest common divisor of p and f?
33
Let s be 8/3 + 12/9. Let v be (-119)/(-34) - 2/s. Suppose -v*m - 2*k + 46 = 0, 13 + 89 = 5*m - 3*k. Calculate the highest common divisor of m and 36.
18
Suppose 203 = d - 105. Let x(y) = -y**3 - 6*y**2 + 11*y + 4. Suppose 29*q - 25*q = -32. Let g be x(q). Calculate the greatest common divisor of d and g.
44
Let v(t) = -t**2 + 2*t - 6. Let z be v(-9). Let f be (-14)/z + (-26)/(-30). Calculate the highest common divisor of f and 49.
1
Let i be (-91 + 86)*(52/(-10) - -1). Suppose -7*m = -i - 21. What is the greatest common divisor of 6 and m?
6
Let k = -3082 + 3390. What is the highest common divisor of k and 294?
14
Let q be (-629)/(-34)*5/((-20)/(-48)). Calculate the greatest common factor of 370 and q.
74
Suppose 992 = 19*j - 2*j + 3*b, -222 = -4*j + 5*b. Calculate the greatest common factor of j and 2378.
58
Let y = 7963 - 4714. What is the highest common divisor of 18 and y?
9
Let q be ((-528)/(-154))/((-4)/42). Let m be (800/15)/(-1*8/q). Calculate the highest common factor of 80 and m.
80
Let f = -353 + 391. Suppose -2*w - 19 = -3*w. What is the greatest common factor of f and w?
19
Let k = -4930 - -5138. Calculate the greatest common factor of 80 and k.
16
Let t(n) = n**3 - 2*n**2 - 42*n - 111. Let g be t(9). Calculate the greatest common divisor of g and 11102.
26
Let g be 1/(38/346) - 142/1349. Let s = g - 5. What is the highest common factor of 4 and s?
4
Suppose 2*h = -1 + 19. Let o(z) = -z**3 + 10*z**2 + 7*z - 7. Let q be o(h). Let r = q - 65. What is the highest common divisor of r and 9?
9
Suppose 5*n - 20 = -15. Let d be 17925/40 + n/(-8). What is the greatest common factor of d and 64?
64
Suppose -10 = -2*f, -k + 8*f = 9*f - 71. Let q(t) = -4*t + 125. Let l be q(-10). What is the greatest common factor of l and k?
33
Suppose n - 10*l = -6*l + 25, 58 = 4*n + 5*l. Let o = 229 - -128. Calculate the highest common factor of n and o.
17
Let b be 32/(-14) - -2 - 65/(-7). Let y be b/(135/70) - (-1)/3. Calculate the highest common divisor of 70 and y.
5
Suppose -5*x + 384 = 2*b, -249 = -5*x + 2*x + 5*b. Let z(k) = -2*k - 14. Let s be z(-13). Calculate the highest common factor of x and s.
6
Let w(g) = -27*g - 72. Let r be w(-14). Let h be